 -85. What are the prime factors of z?
2, 3, 5
Suppose -15*t + 76*t - 1081344 = -35*t. List the prime factors of t.
2, 11
Suppose 0 = 4*c + 14 + 6, 5*o - 25 = 3*c. Suppose 0*j + 5*t = o*j - 1675, 0 = 4*j + 5*t - 3425. What are the prime factors of j?
2, 5, 17
Let b(z) = -z**3 - 3*z**2 + 2*z + 3. Suppose 15 = 2*w - 2*c - 31, 3*w + 4*c = 34. Let a be -23 + w - (0 + -1). List the prime factors of b(a).
11
Let a be (-3)/5 + -4234*(-2)/(-20). Let p = 113 - a. List the prime factors of p.
3, 179
Let n(m) = m**2 - 2*m + 4. Let y be n(2). Suppose d = 2*w - 5, 2 = 2*w - y*d - 0. Suppose 5*i = -2*p + 539, w*p - 206 = -2*i - p. List the prime factors of i.
109
Let x(k) = k**3 + 2*k - 4. Let a be x(-6). What are the prime factors of (-1*2)/((20/a)/5)?
2, 29
Suppose -p - 64*x + 65*x + 10195 = 0, 0 = -5*p - 5*x + 50915. List the prime factors of p.
23, 443
Let u be (-14 - -20)*3421/6. Let v = u - 2301. List the prime factors of v.
2, 5, 7
Let u = -3566 + 3653. List the prime factors of u.
3, 29
Let p = 612 + -114. Suppose -9 = -3*s, -5*q = -8*q - 5*s + p. What are the prime factors of q?
7, 23
Suppose 588*u - 16508614 = -4785070. List the prime factors of u.
2, 3, 3323
Let g = 22 - 226. Let r = g - -976. Suppose 10*b = 278 + r. List the prime factors of b.
3, 5, 7
Let s(d) = -2*d**3 - 10*d**2 + 74*d - 29. What are the prime factors of s(-18)?
7, 1009
Let y(a) = -291*a + 44. Let x be y(3). List the prime factors of 23/(-5) + (-2)/5 - x.
2, 103
Let s be 5*(0 + 0 + (1 - 12)). Suppose 2*p = -p + 333. Let v = p + s. What are the prime factors of v?
2, 7
Let f = 2549 - -4762. Suppose 7*c = 543 + f. What are the prime factors of c?
2, 3, 11, 17
Let x = 1351 + 55587. What are the prime factors of x?
2, 7, 83
Let p = -16938 + 39044. List the prime factors of p.
2, 7, 1579
Suppose 3*k + 5*f = 49, -1 = -2*f - 3. Suppose -8*h = -k - 6. Suppose 4*r - h - 1 = 0, 5*w = -r + 636. What are the prime factors of w?
127
Suppose -13*o = -422*o - 4055491 + 17547992. What are the prime factors of o?
11, 2999
Let x be (-6)/15*(-1)/1*5. Let u(d) be the second derivative of 16*d**3/3 - 3*d**2 - 12*d. What are the prime factors of u(x)?
2, 29
Let h(j) be the third derivative of j**5/60 + 31*j**4/24 + 17*j**3/6 + 2*j**2 + 22*j. List the prime factors of h(-35).
157
Let o(w) = 2387*w - 287. Let y(d) = 149*d - 18. Let r(i) = 4*o(i) - 63*y(i). List the prime factors of r(2).
2, 7, 11
Suppose 5 = 5*j + 5*w, -j - 4*w = 2*j. Suppose 3*b + j*b + 1680 = 0. Let n = -146 - b. What are the prime factors of n?
2, 47
Let w = -318 - -380. Let y = 46 - 42. Suppose w = 2*r - y. List the prime factors of r.
3, 11
Suppose -25*i + 97 = -128. Suppose i*s - 11*s + b = -40, -80 = -4*s - b. List the prime factors of s.
2, 5
Let m be (58 - 2) + (-35)/7. Let v = m - 52. List the prime factors of 40 + (v - 6) + 5.
2, 19
Suppose -5*s = 4*x - 14293, -3*x - 7154 = -5*x - 4*s. Let a = x - 2297. What are the prime factors of a?
2, 5, 127
Let w(y) be the first derivative of y**3 + 5*y**2 + 5*y - 5. Let o be w(-9). Suppose -o = -4*g + 562. What are the prime factors of g?
2, 3, 5
Let n(a) = 569*a - 595. What are the prime factors of n(10)?
5, 1019
Let v = 1134 - 704. Let d = v + 19. What are the prime factors of d?
449
Let b(g) = -3*g**2 + 40*g + 1. Let y be b(13). Suppose 0 = -y*h + 5215 + 2135. What are the prime factors of h?
3, 5, 7
Let l(v) = -12*v**2 + 8*v + 3. Let g be l(4). Let r = g + 383. What are the prime factors of r?
2, 113
Let h be 119/(-133) + 4 + (-2)/19. Suppose -4*u - 5*o = -1861, -u - h*u + 2*o + 1826 = 0. What are the prime factors of u?
3, 17
Let x(n) = -3*n**3 - 15*n**2 + n + 5. Let y be x(-5). Suppose 2*c + 1354 = -5*s + 5109, -2*c = y. List the prime factors of s.
751
Let z(n) = 36*n**3 - 4*n**2 - 3*n + 4. Let s be z(2). Let p = s + -158. List the prime factors of p.
2, 7
Let s(l) = 10*l + 81. Let n be s(7). List the prime factors of (-116)/(-32)*n + (-15)/40.
547
Let u = 8095 - 4957. List the prime factors of u.
2, 3, 523
Let s(b) be the second derivative of b**5/10 + b**4/3 + 2*b**3/3 + 3*b**2/2 + 11*b. Let d be s(-2). What are the prime factors of ((-8)/6)/(16/168)*d?
2, 5, 7
Suppose 5*r = -3*i + 28, 11*r + 32 = 3*i + 12*r. Suppose s + 2*n - 785 = 0, i*s - 8*s + n = 2350. What are the prime factors of s?
3, 29
Suppose 545*n + 1170535 = 592*n. List the prime factors of n.
5, 17, 293
Suppose -r + 14 = -3*h, -25*r = 3*h - 29*r + 29. Let c(n) = -25*n**3 - 2*n**2. What are the prime factors of c(h)?
3, 73
Let w(c) = c**3 - 45*c**2 - 23*c - 115. Let p be w(46). Let m = -225 + p. List the prime factors of m.
2, 359
Let b be (2/(-4)*-3)/(117/(-7176)). Let f = -71 - b. What are the prime factors of f?
3, 7
Let s be 1/4 - -196*(-5)/80. List the prime factors of s/(-36) + 1618/6.
2, 3, 5
Suppose -2*i - 1 = -9. Suppose -3*z + 1 = -i*v, 16 = 5*v + 4*z - 2*z. What are the prime factors of (10/15)/(v/144)?
2, 3
Let z(i) be the first derivative of -4*i - 5*i - 6*i**2 + i - 19. What are the prime factors of z(-2)?
2
Let d(m) = m**3 + 30*m**2 + 33*m - 1. Let p be d(-28). Let g = -337 + p. What are the prime factors of g?
2, 3, 17
Let h(r) = 659*r + 28. Let v be h(1). Let j = v - 510. What are the prime factors of j?
3, 59
Suppose 3*r + 108*w - 105*w = 46302, 13*r - 2*w - 200702 = 0. List the prime factors of r.
2, 3, 31, 83
What are the prime factors of (-180)/21*((-17556)/(-8))/(-11)?
2, 3, 5, 19
Let f = -301 + 280. Let z = f - -637. List the prime factors of z.
2, 7, 11
Suppose q + 69 - 314 = 0. Suppose 0 = 7*g - q - 175. What are the prime factors of g?
2, 3, 5
Let d(c) = c**3 - 47*c**2 + 71*c + 110. What are the prime factors of d(47)?
3, 383
Suppose -21*p = 4*u - 23*p + 110, 4*u + 115 = 3*p. Let m(j) = -14*j + 4. Let x be m(4). Let c = u - x. List the prime factors of c.
3
Let z(p) = p**3 + 25*p**2 - 28*p - 23. Let a be z(-26). Suppose -32*n = -a*n - 45. List the prime factors of n.
3, 5
Let z(f) = 3*f**3 + 2 - f**3 - 3*f**3 + f - 5*f**2. Let c(q) = -2*q**2 + 13*q + 17. Let y be c(8). List the prime factors of z(y).
3, 31
Let m(j) = j**3 - 11*j**2 + 23*j - 79. Suppose -58 = -5*w - 3. What are the prime factors of m(w)?
2, 3, 29
Suppose -p = 3*h + 7, 4*h + 14 = p - 0*h. Let g be (-1)/(p/6 + (-3)/6). Suppose g - 68 = -x. List the prime factors of x.
2, 31
Suppose -24157 - 26870 = -73*n. What are the prime factors of n?
3, 233
Suppose 5*q - 76 + 46 = 0. Suppose 4*o + 18 = -2*f, -5*f - q = -2*o - o. List the prime factors of (-1)/(5/(1180/(-712)) - o).
59
Suppose 514 = -h - 4*o, -3*h + 4*o = 2*o + 1612. Let m = 819 + h. What are the prime factors of m?
3, 5, 19
Let q(n) = 12*n**2 - 305*n + 2460. What are the prime factors of q(8)?
2, 197
Let s(u) = 54*u**2 - 11*u + 18. Let z be s(5). Suppose z = -5*l + 3778. List the prime factors of l.
17, 29
List the prime factors of (-2 + 6)*47229/364.
3, 173
Let g(h) = 17*h**2 + 251*h - 104. What are the prime factors of g(-30)?
2, 3833
Let j(w) = w + 136*w**2 - 135*w**2 - 4*w + 15. Let a be j(-10). Let h = a + 16. What are the prime factors of h?
7, 23
Let t = -2415 - -5109. List the prime factors of t.
2, 3, 449
Let f be (-1)/((-2)/42)*7056/(-1323). Suppose -s + 51 = 273. Let a = f - s. List the prime factors of a.
2, 5, 11
Let k be 1 + 242/2 + -1. Let f = -3697 - -3595. Let c = k + f. List the prime factors of c.
19
Suppose -40*w = -21*w - 22*w. Suppose -179*m + 181*m - 1158 = w. What are the prime factors of m?
3, 193
Suppose -5*j - 4*d - 7 - 9 = 0, 4*d - 8 = j. Let a be (-30)/j*(1 + 9). Let c = 72 + a. List the prime factors of c.
3, 7
Suppose 6*v - 5*v - 70 = 0. Let f = v + 38. What are the prime factors of f?
2, 3
Suppose -14*o + 176 = -6*o. Suppose 7*p = o + 27. Suppose -p*z = -1500 - 222. List the prime factors of z.
2, 3, 41
List the prime factors of (-2653483)/(-133) + (2 - (-5 - -1)).
7, 2851
Let a(o) = -205*o**2 + 11*o + 46. Let k be a(-4). What are the prime factors of k/(-6) - (-36)/54?
547
Suppose 359*h = 663*h - 9437984. List the prime factors of h.
2, 19, 43
Suppose 31 + 56 = h. Suppose 5*x = 158 + h. Suppose -4*y + x = -3*y - g, 3*g = -2*y + 78. What are the prime factors of y?
3, 5
Let s(n) = 2*n**3 + 18*n**2 + 8*n + 21. Let t be 972/(-126) - (-2)/(-7). What are the prime factors of s(t)?
5, 17
Let c = -273 + 265. What are the prime factors of 